hat are the prime factors of 1003079?
7, 11, 1861
List the prime factors of 235762.
2, 117881
What are the prime factors of 70642?
2, 11, 13, 19
List the prime factors of 863655.
3, 5, 13, 43, 103
List the prime factors of 577547.
577547
List the prime factors of 577963.
43, 13441
What are the prime factors of 1148247?
3, 127583
What are the prime factors of 532514?
2, 449, 593
List the prime factors of 11531027.
23, 47, 10667
What are the prime factors of 1669221?
3, 211, 293
List the prime factors of 183050.
2, 5, 7, 523
What are the prime factors of 1058951?
1058951
List the prime factors of 302142.
2, 3, 37, 1361
What are the prime factors of 4064940?
2, 3, 5, 11, 2053
What are the prime factors of 12789765?
3, 5, 211, 449
What are the prime factors of 2009423?
13, 154571
What are the prime factors of 1022430?
2, 3, 5, 173, 197
What are the prime factors of 5216500?
2, 5, 10433
List the prime factors of 4113036.
2, 3, 43, 2657
List the prime factors of 111239.
173, 643
List the prime factors of 109769.
11, 17, 587
List the prime factors of 289570.
2, 5, 23, 1259
What are the prime factors of 237393?
3, 13, 2029
List the prime factors of 446198.
2, 223099
What are the prime factors of 65144?
2, 17, 479
List the prime factors of 2107425.
3, 5, 28099
What are the prime factors of 664464?
2, 3, 109, 127
List the prime factors of 4228163.
101, 41863
List the prime factors of 17277.
3, 13, 443
What are the prime factors of 2104080?
2, 3, 5, 11, 797
What are the prime factors of 5056089?
3, 17, 99139
What are the prime factors of 126697?
31, 61, 67
List the prime factors of 3181860.
2, 3, 5, 11, 1607
List the prime factors of 1579028.
2, 11, 17, 2111
List the prime factors of 575261.
575261
What are the prime factors of 198689?
198689
What are the prime factors of 456225?
3, 5, 7, 11, 79
List the prime factors of 341205.
3, 5, 23, 43
What are the prime factors of 184336?
2, 41, 281
List the prime factors of 20112.
2, 3, 419
List the prime factors of 319119.
3, 106373
List the prime factors of 1811389.
1811389
What are the prime factors of 27646113?
3, 11, 331, 2531
What are the prime factors of 233235?
3, 5, 71, 73
List the prime factors of 4619684.
2, 509, 2269
What are the prime factors of 1714264?
2, 214283
List the prime factors of 164321.
164321
List the prime factors of 203470.
2, 5, 20347
What are the prime factors of 255612?
2, 3, 7, 17, 179
List the prime factors of 145504.
2, 4547
List the prime factors of 5381058.
2, 3, 37, 24239
List the prime factors of 350935.
5, 13, 5399
List the prime factors of 395689.
7, 56527
List the prime factors of 1066197.
3, 11, 32309
What are the prime factors of 6593246?
2, 11, 17, 61
What are the prime factors of 2213051?
163, 13577
What are the prime factors of 2397549?
3, 7, 11, 97, 107
What are the prime factors of 13234553?
211, 62723
What are the prime factors of 8180584?
2, 1022573
List the prime factors of 4534513.
47, 96479
What are the prime factors of 8937050?
2, 5, 47, 3803
What are the prime factors of 6045423?
3, 2015141
What are the prime factors of 1238297?
17, 23, 3167
List the prime factors of 18221741.
19, 97, 9887
What are the prime factors of 270361?
7, 13, 2971
List the prime factors of 444327.
3, 13, 11393
What are the prime factors of 27046378?
2, 13523189
List the prime factors of 109111.
109111
What are the prime factors of 218937?
3, 19, 23, 167
What are the prime factors of 1641461?
809, 2029
What are the prime factors of 1733997?
3, 19, 29, 1049
What are the prime factors of 5465707?
13, 420439
List the prime factors of 270874.
2, 167, 811
What are the prime factors of 146571?
3, 48857
What are the prime factors of 13645924?
2, 107, 31883
What are the prime factors of 1496656?
2, 7, 23, 83
List the prime factors of 1186893.
3, 14653
List the prime factors of 2185923.
3, 37, 47, 419
List the prime factors of 2899532.
2, 347, 2089
What are the prime factors of 3568971?
3, 7, 169951
List the prime factors of 346487.
31, 11177
What are the prime factors of 391969?
17, 23057
List the prime factors of 1749780.
2, 3, 5, 9721
What are the prime factors of 3431326?
2, 53, 32371
What are the prime factors of 1375477?
157, 8761
What are the prime factors of 5493282?
2, 3, 915547
What are the prime factors of 16519?
16519
What are the prime factors of 1974075?
3, 5, 26321
What are the prime factors of 13682?
2, 6841
List the prime factors of 12316990.
2, 5, 7, 179, 983
List the prime factors of 581525.
5, 7, 3323
What are the prime factors of 28988405?
5, 2137, 2713
List the prime factors of 1183291.
281, 4211
List the prime factors of 4233467.
7, 604781
List the prime factors of 330165.
3, 5, 11, 23, 29
List the prime factors of 5391026.
2, 173, 15581
What are the prime factors of 707489?
17, 41617
What are the prime factors of 3254?
2, 1627
What are the prime factors of 130351?
13, 37, 271
List the prime factors of 118136.
2, 14767
What are the prime factors of 2468551?
613, 4027
List the prime factors of 3589445.
5, 113, 6353
What are the prime factors of 323507?
323507
What are the prime factors of 103538?
2, 51769
What are the prime factors of 3120682?
2, 43, 131, 277
List the prime factors of 4817730.
2, 3, 5, 160591
What are the prime factors of 6840472?
2, 855059
What are the prime factors of 20975440?
2, 5, 262193
List the prime factors of 130334.
2, 65167
What are the prime factors of 256617?
3, 28513
List the prime factors of 4189702.
2, 11, 157, 1213
What are the prime factors of 13240?
2, 5, 331
List the prime factors of 2723077.
7, 17, 467
List the prime factors of 356332.
2, 89083
List the prime factors of 709803.
3, 23, 127
What are the prime factors of 33378045?
3, 5, 2225203
What are the prime factors of 533591?
47, 11353
List the prime factors of 1219571.
31, 39341
What are the prime factors of 12299790?
2, 3, 5, 409993
What are the prime factors of 845771?
845771
What are the prime factors of 29602341?
3, 365461
List the prime factors of 4374304.
2, 11, 17, 43
What are the prime factors of 16811118?
2, 3, 419, 743
List the prime factors of 93987.
3, 59
List the prime factors of 1050330.
2, 3, 5, 157, 223
List the prime factors of 187952.
2, 17, 691
What are the prime factors of 240536?
2, 107, 281
List the prime factors of 16818668.
2, 47, 137, 653
What are the prime factors of 276994?
2, 138497
What are the prime factors of 215711?
109, 1979
List the prime factors of 24889.
24889
List the prime factors of 1247561.
7, 178223
What are the prime factors of 404580?
2, 3, 5, 11, 613
List the prime factors of 6333096.
2, 3, 7, 11, 23, 149
List the prime factors of 48957.
3, 16319
List the prime factors of 2992033.
11, 272003
List the prime factors of 612088.
2, 76511
List the prime factors of 4762747.
11, 31, 13967
What are the prime factors of 151955?
5, 30391
What are the prime factors of 7300773?
3, 173, 521
What are the prime factors of 1672134?
2, 3, 278689
What are the prime factors of 23462119?
3461, 6779
What are the prime factors of 1960855?
5, 13, 97, 311
List the prime factors of 3988366.
2, 19, 103, 1019
What are the prime factors of 6602842?
2, 19, 47, 3697
List the prime factors of 5265528.
2, 3, 23, 9539
List the prime factors of 3613515.
3, 5, 19, 31, 409
What are the prime factors of 2153473?
7, 307639
What are the prime factors of 25854220?
2, 5, 7, 151, 1223
What are the prime factors of 1925809?
137, 14057
What are the prime factors of 747066?
2, 3, 89, 1399
What are the prime factors of 1697993?
11, 14033
List the prime factors of 1575008.
2, 83, 593
What are the prime factors of 299884?
2, 13, 73, 79
List the prime factors of 214606.
2, 7, 15329
List the prime factors of 5888372.
2, 7, 210299
What are the prime factors of 868270?
2, 5, 13, 6679
What are the prime factors of 6134630?
2, 5, 613463
What are the prime factors of 619699?
61, 10159
List the prime factors of 297715.
5, 11, 5413
List the prime factors of 25553200.
2, 5, 193, 331
What are the prime factors of 2239401?
3, 383, 1949
List the prime factors of 875727.
3, 97303
List the prime factors of 158171.
13, 23
List the prime factors of 1036713.
3, 345571
What are the prime factors of 85523?
85523
What are the prime factors of 647081?
647081
List the prime factors of 125780.
2, 5, 19, 3